{"id":668,"date":"2023-03-26T18:53:15","date_gmt":"2023-03-26T21:53:15","guid":{"rendered":"http:\/\/agroniloitba.com.br\/?page_id=668"},"modified":"2023-03-26T19:33:54","modified_gmt":"2023-03-26T22:33:54","slug":"intervencoes-ambientais-cloned-656","status":"publish","type":"page","link":"http:\/\/agroniloitba.com.br\/?page_id=668","title":{"rendered":"PROJETOS AMBIENTAIS"},"content":{"rendered":"\t\t<div data-elementor-type=\"wp-page\" data-elementor-id=\"668\" class=\"elementor elementor-668\">\n\t\t\t\t\t\t\t\t\t<section class=\"elementor-section elementor-top-section elementor-element elementor-element-e81bfd4 elementor-section-height-min-height elementor-section-items-stretch elementor-section-content-middle elementor-section-boxed elementor-section-height-default\" data-id=\"e81bfd4\" data-element_type=\"section\" data-settings=\"{&quot;background_background&quot;:&quot;gradient&quot;,&quot;_ha_eqh_enable&quot;:false}\">\n\t\t\t\t\t\t\t<div class=\"elementor-background-overlay\"><\/div>\n\t\t\t\t\t\t\t<div class=\"elementor-container elementor-column-gap-default\">\n\t\t\t\t\t<div class=\"elementor-column elementor-col-100 elementor-top-column elementor-element elementor-element-ad78cc5\" data-id=\"ad78cc5\" data-element_type=\"column\" data-settings=\"{&quot;background_background&quot;:&quot;slideshow&quot;,&quot;background_slideshow_gallery&quot;:[],&quot;background_slideshow_loop&quot;:&quot;yes&quot;,&quot;background_slideshow_slide_duration&quot;:5000,&quot;background_slideshow_slide_transition&quot;:&quot;fade&quot;,&quot;background_slideshow_transition_duration&quot;:500}\">\n\t\t\t<div class=\"elementor-widget-wrap elementor-element-populated\">\n\t\t\t\t\t\t\t\t<div class=\"elementor-element elementor-element-e9c33c1 elementor-widget__width-inherit elementor-widget elementor-widget-heading\" data-id=\"e9c33c1\" data-element_type=\"widget\" data-widget_type=\"heading.default\">\n\t\t\t\t<div class=\"elementor-widget-container\">\n\t\t\t<style>\/*! elementor - v3.11.1 - 15-02-2023 *\/\n.elementor-heading-title{padding:0;margin:0;line-height:1}.elementor-widget-heading .elementor-heading-title[class*=elementor-size-]>a{color:inherit;font-size:inherit;line-height:inherit}.elementor-widget-heading .elementor-heading-title.elementor-size-small{font-size:15px}.elementor-widget-heading .elementor-heading-title.elementor-size-medium{font-size:19px}.elementor-widget-heading .elementor-heading-title.elementor-size-large{font-size:29px}.elementor-widget-heading .elementor-heading-title.elementor-size-xl{font-size:39px}.elementor-widget-heading .elementor-heading-title.elementor-size-xxl{font-size:59px}<\/style><h2 class=\"elementor-heading-title elementor-size-default\">PROJETOS AMBIENTAIS<\/h2>\t\t<\/div>\n\t\t\t\t<\/div>\n\t\t\t\t\t<\/div>\n\t\t<\/div>\n\t\t\t\t\t\t\t<\/div>\n\t\t<\/section>\n\t\t\t\t<section class=\"elementor-section elementor-top-section elementor-element elementor-element-3fb44d5 elementor-section-boxed elementor-section-height-default elementor-section-height-default\" data-id=\"3fb44d5\" data-element_type=\"section\" data-settings=\"{&quot;background_background&quot;:&quot;classic&quot;,&quot;_ha_eqh_enable&quot;:false}\">\n\t\t\t\t\t\t<div class=\"elementor-container elementor-column-gap-no\">\n\t\t\t\t\t<div class=\"elementor-column elementor-col-50 elementor-top-column elementor-element elementor-element-8293deb\" data-id=\"8293deb\" data-element_type=\"column\">\n\t\t\t<div class=\"elementor-widget-wrap elementor-element-populated\">\n\t\t\t\t\t\t\t\t<div class=\"elementor-element elementor-element-d4ac8bc elementor-widget elementor-widget-heading\" data-id=\"d4ac8bc\" data-element_type=\"widget\" data-widget_type=\"heading.default\">\n\t\t\t\t<div class=\"elementor-widget-container\">\n\t\t\t<h1 class=\"elementor-heading-title elementor-size-default\">\u2022 Projetos de Irriga\u00e7\u00e3o\n \n\n<\/h1>\t\t<\/div>\n\t\t\t\t<\/div>\n\t\t\t\t<div class=\"elementor-element elementor-element-85843f7 elementor-widget elementor-widget-heading\" data-id=\"85843f7\" data-element_type=\"widget\" data-widget_type=\"heading.default\">\n\t\t\t\t<div class=\"elementor-widget-container\">\n\t\t\t<h1 class=\"elementor-heading-title elementor-size-default\">\u2022 Projeto t\u00e9cnico de reconstitui\u00e7\u00e3o da flora - PTRF\n\n\n\n<\/h1>\t\t<\/div>\n\t\t\t\t<\/div>\n\t\t\t\t<div class=\"elementor-element elementor-element-39d8340 elementor-widget elementor-widget-heading\" data-id=\"39d8340\" data-element_type=\"widget\" data-widget_type=\"heading.default\">\n\t\t\t\t<div class=\"elementor-widget-container\">\n\t\t\t<h1 class=\"elementor-heading-title elementor-size-default\">\u2022 Plano de A\u00e7\u00e3o de <br>Emerg\u00eancia \u2013 PAE\n<\/h1>\t\t<\/div>\n\t\t\t\t<\/div>\n\t\t\t\t<div class=\"elementor-element elementor-element-9f86fc2 elementor-widget elementor-widget-heading\" data-id=\"9f86fc2\" data-element_type=\"widget\" data-widget_type=\"heading.default\">\n\t\t\t\t<div class=\"elementor-widget-container\">\n\t\t\t<h1 class=\"elementor-heading-title elementor-size-default\">\u2022 Avalia\u00e7\u00f5es Ambientais (Geoambiental)<\/h1>\t\t<\/div>\n\t\t\t\t<\/div>\n\t\t\t\t<div class=\"elementor-element elementor-element-6d0fafd elementor-widget elementor-widget-heading\" data-id=\"6d0fafd\" data-element_type=\"widget\" data-widget_type=\"heading.default\">\n\t\t\t\t<div class=\"elementor-widget-container\">\n\t\t\t<h1 class=\"elementor-heading-title elementor-size-default\">\u2022 Plano de Interven\u00e7\u00e3o\n\n<\/h1>\t\t<\/div>\n\t\t\t\t<\/div>\n\t\t\t\t<div class=\"elementor-element elementor-element-a1fb01f elementor-widget elementor-widget-heading\" data-id=\"a1fb01f\" data-element_type=\"widget\" data-widget_type=\"heading.default\">\n\t\t\t\t<div class=\"elementor-widget-container\">\n\t\t\t<h1 class=\"elementor-heading-title elementor-size-default\">\u2022 Invent\u00e1rio flor\u00edstico\n<\/h1>\t\t<\/div>\n\t\t\t\t<\/div>\n\t\t\t\t<div class=\"elementor-element elementor-element-fd9118d elementor-widget elementor-widget-heading\" data-id=\"fd9118d\" data-element_type=\"widget\" data-widget_type=\"heading.default\">\n\t\t\t\t<div class=\"elementor-widget-container\">\n\t\t\t<h1 class=\"elementor-heading-title elementor-size-default\">\u2022 Invent\u00e1rio de fauna<\/h1>\t\t<\/div>\n\t\t\t\t<\/div>\n\t\t\t\t<div class=\"elementor-element elementor-element-7ac0224 elementor-widget elementor-widget-heading\" data-id=\"7ac0224\" data-element_type=\"widget\" data-widget_type=\"heading.default\">\n\t\t\t\t<div class=\"elementor-widget-container\">\n\t\t\t<h1 class=\"elementor-heading-title elementor-size-default\">\u2022 Manejo e\/ou Afugentamento da fauna\n<\/h1>\t\t<\/div>\n\t\t\t\t<\/div>\n\t\t\t\t<div class=\"elementor-element elementor-element-15c03da elementor-widget elementor-widget-heading\" data-id=\"15c03da\" data-element_type=\"widget\" data-widget_type=\"heading.default\">\n\t\t\t\t<div class=\"elementor-widget-container\">\n\t\t\t<h1 class=\"elementor-heading-title elementor-size-default\">\u2022 Cumprimento de Medida Compensat\u00f3ria\n<\/h1>\t\t<\/div>\n\t\t\t\t<\/div>\n\t\t\t\t<div class=\"elementor-element elementor-element-9e7a569 elementor-widget elementor-widget-heading\" data-id=\"9e7a569\" data-element_type=\"widget\" data-widget_type=\"heading.default\">\n\t\t\t\t<div class=\"elementor-widget-container\">\n\t\t\t<h1 class=\"elementor-heading-title elementor-size-default\">\u2022 Manejo Florestal\n<\/h1>\t\t<\/div>\n\t\t\t\t<\/div>\n\t\t\t\t<div class=\"elementor-element elementor-element-2720e58 elementor-widget elementor-widget-heading\" data-id=\"2720e58\" data-element_type=\"widget\" data-widget_type=\"heading.default\">\n\t\t\t\t<div class=\"elementor-widget-container\">\n\t\t\t<h1 class=\"elementor-heading-title elementor-size-default\">\u2022 Recupera\u00e7\u00e3o de \u00e1reas degradadas \u2013 PRAD\n\n<\/h1>\t\t<\/div>\n\t\t\t\t<\/div>\n\t\t\t\t<div class=\"elementor-element elementor-element-66e24a2 elementor-widget elementor-widget-heading\" data-id=\"66e24a2\" data-element_type=\"widget\" data-widget_type=\"heading.default\">\n\t\t\t\t<div class=\"elementor-widget-container\">\n\t\t\t<h1 class=\"elementor-heading-title elementor-size-default\">\u2022 Programa de Regulariza\u00e7\u00e3o Ambiental \u2013 PRA \n\n<\/h1>\t\t<\/div>\n\t\t\t\t<\/div>\n\t\t\t\t<div class=\"elementor-element elementor-element-3335689 elementor-widget elementor-widget-heading\" data-id=\"3335689\" data-element_type=\"widget\" data-widget_type=\"heading.default\">\n\t\t\t\t<div class=\"elementor-widget-container\">\n\t\t\t<h1 class=\"elementor-heading-title elementor-size-default\">\u2022 Comunicado de Colheita\n<\/h1>\t\t<\/div>\n\t\t\t\t<\/div>\n\t\t\t\t<div class=\"elementor-element elementor-element-216006e elementor-widget elementor-widget-heading\" data-id=\"216006e\" data-element_type=\"widget\" data-widget_type=\"heading.default\">\n\t\t\t\t<div class=\"elementor-widget-container\">\n\t\t\t<h1 class=\"elementor-heading-title elementor-size-default\">\u2022 Laudos Ambientais<\/h1>\t\t<\/div>\n\t\t\t\t<\/div>\n\t\t\t\t\t<\/div>\n\t\t<\/div>\n\t\t\t\t<div class=\"elementor-column elementor-col-50 elementor-top-column elementor-element elementor-element-e2c319f\" data-id=\"e2c319f\" data-element_type=\"column\">\n\t\t\t<div class=\"elementor-widget-wrap elementor-element-populated\">\n\t\t\t\t\t\t\t\t<div class=\"elementor-element elementor-element-388f7d5 elementor-widget__width-inherit elementor-widget elementor-widget-image\" data-id=\"388f7d5\" data-element_type=\"widget\" data-widget_type=\"image.default\">\n\t\t\t\t<div class=\"elementor-widget-container\">\n\t\t\t<style>\/*! elementor - v3.11.1 - 15-02-2023 *\/\n.elementor-widget-image{text-align:center}.elementor-widget-image a{display:inline-block}.elementor-widget-image a img[src$=\".svg\"]{width:48px}.elementor-widget-image img{vertical-align:middle;display:inline-block}<\/style>\t\t\t\t\t\t\t\t\t\t\t\t<img loading=\"lazy\" decoding=\"async\" width=\"1500\" height=\"1500\" src=\"http:\/\/agroniloitba.com.br\/wp-content\/uploads\/2023\/03\/Cartao-Avalie-nossa-empresa-Deixe-sua-avaliacao-Google-Maps-e-Meu-Negocio-3.png\" class=\"attachment-post-thumbnail size-post-thumbnail wp-image-669\" alt=\"\" srcset=\"http:\/\/agroniloitba.com.br\/wp-content\/uploads\/2023\/03\/Cartao-Avalie-nossa-empresa-Deixe-sua-avaliacao-Google-Maps-e-Meu-Negocio-3.png 1500w, http:\/\/agroniloitba.com.br\/wp-content\/uploads\/2023\/03\/Cartao-Avalie-nossa-empresa-Deixe-sua-avaliacao-Google-Maps-e-Meu-Negocio-3-300x300.png 300w, http:\/\/agroniloitba.com.br\/wp-content\/uploads\/2023\/03\/Cartao-Avalie-nossa-empresa-Deixe-sua-avaliacao-Google-Maps-e-Meu-Negocio-3-1024x1024.png 1024w, http:\/\/agroniloitba.com.br\/wp-content\/uploads\/2023\/03\/Cartao-Avalie-nossa-empresa-Deixe-sua-avaliacao-Google-Maps-e-Meu-Negocio-3-150x150.png 150w, http:\/\/agroniloitba.com.br\/wp-content\/uploads\/2023\/03\/Cartao-Avalie-nossa-empresa-Deixe-sua-avaliacao-Google-Maps-e-Meu-Negocio-3-768x768.png 768w\" sizes=\"auto, (max-width: 1500px) 100vw, 1500px\" style=\"width:100%;height:100%;max-width:1500px\" \/>\t\t\t\t\t\t\t\t\t\t\t\t\t\t\t<\/div>\n\t\t\t\t<\/div>\n\t\t\t\t<div class=\"elementor-element elementor-element-6b408f1 elementor-widget elementor-widget-spacer\" data-id=\"6b408f1\" data-element_type=\"widget\" data-widget_type=\"spacer.default\">\n\t\t\t\t<div class=\"elementor-widget-container\">\n\t\t\t<style>\/*! elementor - v3.11.1 - 15-02-2023 *\/\n.elementor-column .elementor-spacer-inner{height:var(--spacer-size)}.e-con{--container-widget-width:100%}.e-con-inner>.elementor-widget-spacer,.e-con>.elementor-widget-spacer{width:var(--container-widget-width,var(--spacer-size));--align-self:var(--container-widget-align-self,initial);--flex-shrink:0}.e-con-inner>.elementor-widget-spacer>.elementor-widget-container,.e-con-inner>.elementor-widget-spacer>.elementor-widget-container>.elementor-spacer,.e-con>.elementor-widget-spacer>.elementor-widget-container,.e-con>.elementor-widget-spacer>.elementor-widget-container>.elementor-spacer{height:100%}.e-con-inner>.elementor-widget-spacer>.elementor-widget-container>.elementor-spacer>.elementor-spacer-inner,.e-con>.elementor-widget-spacer>.elementor-widget-container>.elementor-spacer>.elementor-spacer-inner{height:var(--container-widget-height,var(--spacer-size))}<\/style>\t\t<div class=\"elementor-spacer\">\n\t\t\t<div class=\"elementor-spacer-inner\"><\/div>\n\t\t<\/div>\n\t\t\t\t<\/div>\n\t\t\t\t<\/div>\n\t\t\t\t<div class=\"elementor-element elementor-element-9c73ce9 elementor-widget__width-inherit elementor-widget elementor-widget-image\" data-id=\"9c73ce9\" data-element_type=\"widget\" data-widget_type=\"image.default\">\n\t\t\t\t<div class=\"elementor-widget-container\">\n\t\t\t\t\t\t\t\t\t\t\t\t\t\t\t<img loading=\"lazy\" decoding=\"async\" width=\"1500\" height=\"1500\" src=\"http:\/\/agroniloitba.com.br\/wp-content\/uploads\/2023\/03\/Cartao-Avalie-nossa-empresa-Deixe-sua-avaliacao-Google-Maps-e-Meu-Negocio-4.png\" class=\"attachment-post-thumbnail size-post-thumbnail wp-image-670\" alt=\"\" srcset=\"http:\/\/agroniloitba.com.br\/wp-content\/uploads\/2023\/03\/Cartao-Avalie-nossa-empresa-Deixe-sua-avaliacao-Google-Maps-e-Meu-Negocio-4.png 1500w, http:\/\/agroniloitba.com.br\/wp-content\/uploads\/2023\/03\/Cartao-Avalie-nossa-empresa-Deixe-sua-avaliacao-Google-Maps-e-Meu-Negocio-4-300x300.png 300w, http:\/\/agroniloitba.com.br\/wp-content\/uploads\/2023\/03\/Cartao-Avalie-nossa-empresa-Deixe-sua-avaliacao-Google-Maps-e-Meu-Negocio-4-1024x1024.png 1024w, http:\/\/agroniloitba.com.br\/wp-content\/uploads\/2023\/03\/Cartao-Avalie-nossa-empresa-Deixe-sua-avaliacao-Google-Maps-e-Meu-Negocio-4-150x150.png 150w, http:\/\/agroniloitba.com.br\/wp-content\/uploads\/2023\/03\/Cartao-Avalie-nossa-empresa-Deixe-sua-avaliacao-Google-Maps-e-Meu-Negocio-4-768x768.png 768w\" sizes=\"auto, (max-width: 1500px) 100vw, 1500px\" style=\"width:100%;height:100%;max-width:1500px\" \/>\t\t\t\t\t\t\t\t\t\t\t\t\t\t\t<\/div>\n\t\t\t\t<\/div>\n\t\t\t\t\t<\/div>\n\t\t<\/div>\n\t\t\t\t\t\t\t<\/div>\n\t\t<\/section>\n\t\t\t\t\t\t\t<\/div>\n\t\t","protected":false},"excerpt":{"rendered":"<p>PROJETOS AMBIENTAIS \u2022 Projetos de Irriga\u00e7\u00e3o \u2022 Projeto t\u00e9cnico de reconstitui\u00e7\u00e3o da flora &#8211; PTRF \u2022 Plano de A\u00e7\u00e3o de Emerg\u00eancia \u2013 PAE \u2022 Avalia\u00e7\u00f5es Ambientais (Geoambiental) \u2022 Plano de Interven\u00e7\u00e3o \u2022 Invent\u00e1rio flor\u00edstico \u2022 Invent\u00e1rio de fauna \u2022 Manejo e\/ou Afugentamento da fauna \u2022 Cumprimento de Medida Compensat\u00f3ria \u2022 Manejo Florestal \u2022 Recupera\u00e7\u00e3o de&hellip; <a class=\"more-link\" href=\"http:\/\/agroniloitba.com.br\/?page_id=668\">Continue reading <span class=\"screen-reader-text\">PROJETOS AMBIENTAIS<\/span><\/a><\/p>\n","protected":false},"author":1,"featured_media":0,"parent":0,"menu_order":0,"comment_status":"closed","ping_status":"closed","template":"elementor_header_footer","meta":{"footnotes":""},"class_list":["post-668","page","type-page","status-publish","hentry","entry"],"_links":{"self":[{"href":"http:\/\/agroniloitba.com.br\/index.php?rest_route=\/wp\/v2\/pages\/668","targetHints":{"allow":["GET"]}}],"collection":[{"href":"http:\/\/agroniloitba.com.br\/index.php?rest_route=\/wp\/v2\/pages"}],"about":[{"href":"http:\/\/agroniloitba.com.br\/index.php?rest_route=\/wp\/v2\/types\/page"}],"author":[{"embeddable":true,"href":"http:\/\/agroniloitba.com.br\/index.php?rest_route=\/wp\/v2\/users\/1"}],"replies":[{"embeddable":true,"href":"http:\/\/agroniloitba.com.br\/index.php?rest_route=%2Fwp%2Fv2%2Fcomments&post=668"}],"version-history":[{"count":7,"href":"http:\/\/agroniloitba.com.br\/index.php?rest_route=\/wp\/v2\/pages\/668\/revisions"}],"predecessor-version":[{"id":695,"href":"http:\/\/agroniloitba.com.br\/index.php?rest_route=\/wp\/v2\/pages\/668\/revisions\/695"}],"wp:attachment":[{"href":"http:\/\/agroniloitba.com.br\/index.php?rest_route=%2Fwp%2Fv2%2Fmedia&parent=668"}],"curies":[{"name":"wp","href":"https:\/\/api.w.org\/{rel}","templated":true}]}}